ded by s?
3
Suppose -28*v + 4384 = -1832. Calculate the remainder when v is divided by 23.
15
Let o(j) = j**3 - 20*j**2 + 7*j - 107. What is the remainder when 292 is divided by o(20)?
28
Let n be (1 + 261)*(-1)/2. Let o = n - -182. What is the remainder when o is divided by 11?
7
Let i(o) = -o**3 - 7*o**2 + 10*o + 53. What is the remainder when 91 is divided by i(-8)?
17
Let p(k) = k**3 - 9*k**2 + 13*k + 19. Calculate the remainder when 474 is divided by p(7).
6
Let g(n) = 153*n - 8. Let j be g(1). Let c = j - 120. Let u = -9 + 16. What is the remainder when c is divided by u?
4
Let c(n) be the first derivative of n**4/4 + 3*n**3 + 3*n**2/2 + 25. Let q(w) = -4*w + 4. Let f be q(3). What is the remainder when c(f) is divided by 21?
19
Let x(g) = -g**2 - 7*g + 23. Let y(f) = 3*f**2 + 22*f - 69. Let j(a) = 8*x(a) + 3*y(a). What is the remainder when j(-15) is divided by 11?
8
Let i(s) = 3*s + 43. What is the remainder when 168 is divided by i(-8)?
16
Let y(t) = t**3 + 7*t**2 + 5*t - 9. Let b be y(-5). Suppose d = -b + 62. Calculate the remainder when d is divided by 13.
7
Suppose -h - 1 + 4 = 0. Suppose 45 = h*s + 3. Calculate the remainder when 54 is divided by s.
12
Let y(m) = -2*m + 5. What is the remainder when y(-16) is divided by 123/9 - 2/3?
11
Let h(v) = -5*v - 19. Let p be (7 - 5) + (1 - 12). What is the remainder when 75 is divided by h(p)?
23
Suppose -13 = 4*b - 121. Let k be 2072/(-30)*-6 + (-6)/(-10). Suppose -2*s + 4*c = -190, c = -3*s + 7*s - k. What is the remainder when s is divided by b?
24
Let l be (-10)/8 - 28/16. Let x = 27 - l. Suppose 6*j - 2*j - 62 = -g, -g + 61 = 3*j. Calculate the remainder when g is divided by x.
28
Let o(x) = 33 + 0*x + x - 21 - x**3 + 13. Let n be (-2)/(-4)*0/3. Calculate the remainder when o(n) is divided by 13.
12
Suppose 28 = 3*g + b, -35*g + 40*g = -5*b + 30. Let i = 110 + -78. Calculate the remainder when i is divided by g.
10
Let f(l) = 91*l**3 - 2*l**2 + 4*l - 3. Let c be f(1). Suppose -50 + c = 4*y. What is the remainder when 25 is divided by y?
5
Let f(l) = 133*l - 2. Let t(j) = 38*j - 309. Calculate the remainder when f(1) is divided by t(9).
32
Suppose -5*i - 25*m + 26*m + 464 = 0, 0 = i + 2*m - 84. What is the remainder when 1100 is divided by i?
88
Let m(g) = g**3 - 12*g**2 - 13*g. Let q be m(13). Suppose -5*c + 33 + 17 = q. Suppose -2*v + 6 + c = 0. Calculate the remainder when v is divided by 3.
2
Suppose 4*n - 47 = 3*m, -31 = -2*n - 0*n + 3*m. Suppose -2*y + p + 3*p = n, -4*y + 5*p = 7. Calculate the remainder when 100/45 - (-2)/(-9) is divided by y.
0
Let w = 39 + -19. Let t = w + 21. Let c(d) = -21*d + 1. Calculate the remainder when t is divided by c(-1).
19
Suppose 10*r - 40 = 5*r. Let a = -213 - -276. What is the remainder when a is divided by r?
7
Let v = 46 - 82. Let n be (v/21)/((-3)/21). Let t = 41 + n. What is the remainder when t is divided by 14?
11
Suppose -4*s = 2*m - 82, 5*s + m = -2*m + 105. Let b = s - 52. Let j = b - -55. What is the remainder when j is divided by 12?
9
Let s be 4/(-14) - 4/(-14). Suppose s = -3*v + 5 - 8. Calculate the remainder when 38 - (v + 3 + -3) is divided by 6.
3
Suppose x - 96 = -4*n, 2*n - 410 = -5*x - 20. What is the remainder when 147 is divided by x?
71
Suppose 5*d - x - 139 = 0, -4*d + 2*x + 18 = -98. Let b(s) = s**2 + 1. Let a be b(3). Suppose 4*l - 5*l + a = 0. Calculate the remainder when d is divided by l.
7
Suppose -52*j + 54*j = 430. Calculate the remainder when j is divided by 64.
23
Let r = -29 + 43. Let b(l) be the first derivative of -l**3/3 + 13*l**2/2 + 16*l - 100. What is the remainder when 6 is divided by b(r)?
0
Let l(o) = o**3 + 8*o**2 - 31*o - 39. What is the remainder when 1109 is divided by l(-9)?
155
Suppose -4*p - 45 = -9*p. Let c be (-2095)/20 - 2/8. Let t = -72 - c. Calculate the remainder when t is divided by p.
6
Suppose -64 = -3*c + 80. Calculate the remainder when c is divided by 17.
14
Suppose 3*j - 242 = 10. Let r = 1 + 42. Calculate the remainder when j is divided by r.
41
Let j be 0 - (0 + 2) - -7. Calculate the remainder when 93 is divided by 28 + (1 - j - -8).
29
Let p = -522 - -1356. What is the remainder when p is divided by 76?
74
Let q(v) = -v**2 + 4*v + 1. Let p be q(7). Let i = 31 + p. Let a(s) = 11*s**2 + 5*s - 4. What is the remainder when a(-2) is divided by i?
8
Let v(k) = 17*k**2 + 3*k - 1. Calculate the remainder when v(2) is divided by 48.
25
Suppose 0 = -0*l - 4*l + 8, -w + 5*l - 30 = 0. Let t = -9 - w. What is the remainder when 40 is divided by t?
7
Let q = -1869 + 2074. Calculate the remainder when q is divided by 8.
5
Let a = 24 + -12. Suppose -11*b - 48 + 279 = 0. What is the remainder when b is divided by a?
9
Let a = 31 + -14. Let c(g) = g**2 + 3*g + 205. Let n be c(0). Suppose 35 = 5*o - n. What is the remainder when o is divided by a?
14
Suppose -2*t = 3*r - 0*r - 2729, 4*r - 3631 = 5*t. What is the remainder when r is divided by 57?
54
Let y = -36 - -38. Suppose m - 17 = -5*t + y*t, t - 43 = -3*m. What is the remainder when m is divided by 4?
2
Suppose -3*l + 4*l - 5 = 0. Suppose 25 = 4*s + 3*t + 2*t, s = l*t. Calculate the remainder when 34 is divided by s.
4
Let n = 566 + 139. What is the remainder when n is divided by 101?
99
Let m be (-1974)/(-4)*((-12)/(-9))/2. Suppose 10*u = 191 + m. Calculate the remainder when u is divided by 32.
20
Suppose -7*s + 0*s = -784. Suppose 3*x = -5*x + s. What is the remainder when 80 is divided by x?
10
Let a(z) = 4*z + 22. Let f be a(9). What is the remainder when 39 is divided by 8/20 + -2*f/(-10)?
3
Suppose -29 = l - 2*l. Suppose -2*o = -3*u + 248, -32*u + 35*u - 4*o - 244 = 0. Calculate the remainder when u is divided by l.
26
Let b be 4/((-3 - 242/(-80))/(-1)). Let q = 267 + b. Calculate the remainder when q is divided by 22.
19
Let b(p) = p**2 + 10*p - 42. Calculate the remainder when 54 is divided by b(5).
21
Let k = 51 + -26. Suppose t + 3*d - 13 = 0, -7*t = -4*t + 2*d - k. Calculate the remainder when (-453)/(-18) - 2/12 is divided by t.
4
Let p be 4/18 - (-100)/36. Suppose d - 4 = 2*w, w - 2*w + 12 = p*d. Let a = 6 - d. Calculate the remainder when 4 is divided by a.
0
Suppose 6*s = 10*s - 72. What is the remainder when 88 is divided by s?
16
Calculate the remainder when 242 is divided by 4/42 + 11300/420.
26
Suppose 7*g = 2*g + w + 8, 2*g - 3*w + 2 = 0. Suppose -l + 71 = -0*t - t, l - g*t = 73. What is the remainder when l is divided by 7?
6
Suppose 2*z + 5*l = 5*z - 202, -211 = -4*z - 5*l. Let w(d) = d**3 - 3*d**2 - 6. What is the remainder when z is divided by w(4)?
9
Let q(u) = -9*u + 634. What is the remainder when q(41) is divided by 64?
9
Suppose 2*h = -3*i + 111, -2*i - 197 = -4*h - 3*i. Suppose -5*q + 79 = l + 2*l, -q + h = 2*l. What is the remainder when 66 is divided by l?
20
Suppose -5*h - 3*k + 25 = 0, -h - 3*k + k = -5. Let b(n) = 0 - n - 5 + 3. Calculate the remainder when h is divided by b(-4).
1
Let x be (-2)/9 - 182/(-9). Let f = x + -10. Suppose -56*l + 6*l = -300. Calculate the remainder when f is divided by l.
4
Suppose 0 = 4*i - 224 - 332. Let s = i - -99. Suppose -4*j + 678 = s. Calculate the remainder when j is divided by 28.
26
Let b = -290 - -628. What is the remainder when b is divided by 19?
15
Suppose 8*t - 2080 = -12*t. What is the remainder when 192 is divided by t?
88
Suppose 14 = f + 2*k, 3*k - 45 = -4*f + f. Let b(n) = -12*n**2 - 92*n - 11. Calculate the remainder when b(-6) is divided by f.
13
Let q(y) = y**3 - 5*y**2 + 6*y - 6. Let r be q(4). What is the remainder when ((-68)/(-14))/(r/14) is divided by 12?
10
Suppose 4*q = 10*q + 6. Calculate the remainder when 68 is divided by 1 + q - -1*24.
20
Suppose 5*y = 8*s - 7*s + 13, 2*y + 4 = 5*s. What is the remainder when 47 is divided by s?
1
Let b(h) = -h**2 + 8*h + 8. Let v(m) = -3*m**2 + 24*m + 24. Let i(a) = 17*b(a) - 6*v(a). What is the remainder when i(13) is divided by 15?
12
Let q(c) = 3*c**3 + c**2 - 16*c + 23. What is the remainder when q(4) is divided by 6?
5
Let a(y) = -2*y**3 + 12*y**2 - y + 3. What is the remainder when a(5) is divided by 6?
0
Calculate the remainder when (134/3)/((-10)/(-15)) is divided by 33.
1
Let c be 3/(-1 - -4)*0. Suppose -3*t + 4*r = 7*r - 183, c = 3*t + 4*r - 179. Calculate the remainder when t is divided by 1